. Let s(q) = q**3 - 5*q**2 - 6*q. Let p be s(6). Suppose n + p*n = -6. Let f be 1/5 + n/5. Calculate g(f).
-5
Let v(p) = p**2 + 4*p**2 - 6*p**2 - 8 + 11*p - 3*p. Calculate v(6).
4
Let y be 0 + 3 + -8 + 0. Let f(v) = 6*v**3 + v**2 + 2*v - 2. Let s(p) = p**3 - 1. Let b(r) = y*s(r) + f(r). Determine b(-2).
-5
Let d(a) be the first derivative of a**4/4 - 2*a**3/3 - 4*a - 23. Determine d(3).
5
Let p(j) = -j**3 - 4*j**2 + 4*j - 5. Let w(k) = -3*k + 13. Let a be w(6). What is p(a)?
0
Let s(r) = -6*r + 9. Let l(p) = -5*p + 8. Let b(o) = -7*l(o) + 6*s(o). Give b(6).
-8
Suppose 0 = 3*r - 5*t + 20, -4 = 4*r - 3*r + t. Let m(p) = -4*p**2 - 4*p - 2*p + 3*p**2. What is m(r)?
5
Let o(f) = -2*f + 3 - 3. Suppose -6 = 12*p - 6*p. Calculate o(p).
2
Let h = -15 - -24. Suppose -4*w - h - 7 = 0. Let b(i) = -i**3 - 5*i**2 - 6*i - 5. What is b(w)?
3
Let n(l) = l**3 - 2*l**2 + l - 2. Let z be n(2). Let g = 3 + z. Let q(b) = -1 + g*b + 0 - 4*b. Calculate q(-4).
3
Suppose -6*j - 20 = -j. Let r(g) = -g**2 - 8*g**2 + 3*g**2. Let y(o) = 5*o**2 + o. Let d(u) = j*r(u) - 5*y(u). Calculate d(-3).
6
Let f be (6/6)/((-1)/(-1)). Let l(x) be the first derivative of x - 3/2*x**2 + 1. What is l(f)?
-2
Let g(z) = z**2 - z - 6. Let t(q) = -1. Let b(x) = g(x) - 5*t(x). Let i be (-2)/(-8) - (-7)/4. Suppose -m - 3*m + 10 = 2*v, -4 = -m - i*v. Determine b(m).
1
Let c(y) be the third derivative of 0*y + 1/24*y**4 + 1/2*y**3 + 0 + y**2. Calculate c(4).
7
Let a(v) be the third derivative of -v**4/8 + 2*v**3/3 + v**2. Let k = -3 - -1. Let z be k/(4 + 2)*-9. Give a(z).
-5
Let g(k) = 3*k**3 - 2*k - 1. Let j be g(-1). Let h be (-4)/(-2 + -3 + 3). Let s(z) = z - 2*z**2 + 0*z + 3 - z**3 + h*z. What is s(j)?
-3
Let c(n) = 3*n - n + n - 4 - n. Give c(4).
4
Suppose 2*i - 4*c - 26 = 0, 2*i + 2*i + 13 = -5*c. Let n(f) = 3*f**2 - 4*f + 2. What is n(i)?
17
Let n be (0 - (-1)/(-1))*3. Let c be (-2)/n*18/4. Let m(d) = d + 1. Give m(c).
4
Let x(y) = 48*y - 86*y + y**2 - 4 + 44*y. Determine x(-6).
-4
Let z(l) = -7*l - 5. Let o(n) = -n - 1. Let c(r) = -6*o(r) + z(r). Let d be (51/(-15) + 4)/((-2)/(-10)). Calculate c(d).
-2
Let o(b) = -13*b**2 - 1 - 96*b + 96*b. Determine o(-1).
-14
Let f(c) be the third derivative of c**6/360 + c**5/20 + c**4/24 - 2*c**3/3 - 2*c**2. Let b(d) be the first derivative of f(d). Let i = -12 + 7. Determine b(i).
-4
Suppose r = 4*n - 0*r - 12, -n = -5*r - 3. Let l be (-3)/(-5)*(2 + n). Let p(f) = f**3 - 3*f**2 + f - 2. Calculate p(l).
1
Let y(n) = -6*n**2 + 2*n**2 + 2 + 3*n**2 + 0. Let x = -3 - -1. Let q(c) = 6*c**2 - 11. Let w(m) = x*q(m) - 11*y(m). Give w(-1).
-1
Let i(d) be the third derivative of d**5/60 - 5*d**4/24 - d**3 + 3*d**2. Suppose 0 = 7*o - 12*o + 30. Determine i(o).
0
Suppose 0 = 3*a - 0*a - 15. Suppose -10 = a*f + 10. Let d(x) = -x**2 - 3*x - 1. Give d(f).
-5
Let j(t) = -2*t**2 + 2*t + 3. Suppose -2*k + 10 = 3*o + o, 0 = -o - 5*k - 2. Determine j(o).
-9
Let p(j) = 1 + 4 + 3*j**2 - 5*j + 7*j - 6. What is p(1)?
4
Let p(q) = -q + 3. Let y(m) = -m**3 - 7*m**2 + m + 10. Let x be y(-7). Suppose -x*j + 5*b = -7*j - 3, -b = -4*j + 15. Determine p(j).
0
Let h(s) = s + s**2 - 2*s + 2*s - 27 + 25. Suppose 2*c + 3*i = 5*c, 0 = -c + 3*i. What is h(c)?
-2
Let n(w) be the second derivative of 5/24*w**4 - 1/2*w**3 + 0 - w + w**2 + 1/20*w**5 - 1/120*w**6. Let t(g) be the first derivative of n(g). Calculate t(4).
1
Let l = 0 - 2. Let o(k) = -k**2 - 7*k + 1. Let s(m) = 7*m**2 + 15*m + 2. Let n(u) = u**2 + 1. Let w(f) = -5*n(f) + s(f). Let r(j) = -5*o(j) - 2*w(j). Give r(l).
-5
Let l(h) = h**2 - 7*h - 3. Suppose 6*c = -0*c + 36. What is l(c)?
-9
Let f(w) = 13*w - 5. Let v(q) = -38*q + 14. Let p(k) = 17*f(k) + 6*v(k). Let l(g) = g**3 - 6*g**2 + g. Let h be l(6). Let t = -7 + h. Determine p(t).
6
Let j be ((-2)/2)/((-5)/35). Let v(a) = a**3 - 6*a**2 - 8*a + 1. What is v(j)?
-6
Let m(w) = -w**3 + 6*w**2 + w + 1. Let j be m(6). Let h(x) = x**3 - 7*x**2 + x - 2. Give h(j).
5
Let z(b) be the third derivative of b**9/60480 + b**8/20160 - b**7/5040 - b**6/720 + b**5/60 - 5*b**2. Let m(o) be the third derivative of z(o). Give m(-1).
0
Let o(u) = -7*u**2 - u**3 + 0*u**3 - 2*u**2 + 0*u**3 - 6. Let h be o(-9). Let f(b) = b**3 + 6*b**2 - 2*b - 7. Give f(h).
5
Suppose -x = -3*x. Let u(i) = -2*i + i**2 + 3 + x - 5*i + i. Let j(s) = s**3 + 5*s**2 - 2*s - 6. Let h be j(-5). What is u(h)?
-5
Let a(k) = 3*k**2 - k - 8. Let c(x) = -8*x**2 + 3*x + 24. Let y(v) = -11*a(v) - 4*c(v). Determine y(0).
-8
Let a(o) be the third derivative of o**6/60 - o**5/30 - o**4/12 + o**3/6 + o**2. Give a(2).
5
Let r(m) be the first derivative of m**4/12 - m**3 + 7*m**2/2 - 3*m + 1. Let d(x) be the first derivative of r(x). Calculate d(5).
2
Let k(m) = 2*m + 5. Let c(i) be the second derivative of i**3/3 + 2*i**2 + 3*i. Let s(f) = 3*c(f) - 2*k(f). Give s(-3).
-4
Let n(p) = p**3 + 6*p**2 + 2*p - 2. Suppose -10 = 5*k, 0*y + 5*k - 2 = 2*y. Determine n(y).
-14
Suppose -5 = -6*x + 5*x. Suppose -2*g + 5*g - 12 = -4*l, x*g - l + 3 = 0. Suppose g = 2*f - 4*n + 1 - 5, -f + 9 = 5*n. Let a(z) = -z**2 + 2*z + 3. Give a(f).
-5
Let k(j) = j + j - 1 - 6*j**2 - 3*j. Suppose 2*a - 9 - 3 = 4*t, 2*a - 7 = -t. What is k(t)?
-6
Let t(g) = 5*g**3 - 29*g**2 + 33*g + 27. Let m(d) = -d**3 + 7*d**2 - 8*d - 7. Let p(r) = 9*m(r) + 2*t(r). Give p(-6).
-9
Let o(b) = b + 7. Let x be o(-5). Let w(n) = 5*n**2 - 3*n**x - 3*n**2 + 5*n + 8. Suppose 32 = -2*f + 44. Calculate w(f).
2
Let g(b) = 3*b**2 - 6*b. Let o(z) = 4*z**2 - 6*z - 1. Let f(j) = -5*g(j) + 4*o(j). Determine f(-5).
-9
Suppose 1 - 11 = -2*l. Let i = 3 - -4. Suppose -4*y - l = i. Let z(n) = -2*n + 1. What is z(y)?
7
Let f(r) = -2*r**3 + 1. Let j be f(-1). Let c(v) = -5*v**j + 3*v**2 - 1 - 7*v**2 + 4*v**3. Let m(y) = y - 6. Let x be m(2). Determine c(x).
-1
Let y(p) = p**3 + 6*p**2 + 6. Let t be (-4)/(-4) - (7 + 0). What is y(t)?
6
Let t(c) = c + 3. Let k(j) = -j**2 - 11*j + 3. Let i be k(-12). What is t(i)?
-6
Let q(u) = u**2 + 2*u - 4. Let d = -1 - -6. Suppose 0 = -3*a - 2*a - d*t, a - t = 0. Suppose -4 = p - a*p. Calculate q(p).
4
Let o = -11 - -6. Let r = 7 - o. Suppose -b - r = -4*b. Let n(j) = 4*j - 5. What is n(b)?
11
Let z(p) be the second derivative of -p**4/12 - 7*p**3/6 + 2*p**2 - 14*p. Calculate z(-7).
4
Suppose -5*v = 2*w + 2 - 1, 4*w = 8. Let c(q) be the second derivative of q**3 + q**2/2 + 3*q. Calculate c(v).
-5
Suppose -35 + 11 = -3*r. Let o(b) be the third derivative of -b**5/60 + 5*b**4/12 - 5*b**3/3 - b**2. Determine o(r).
6
Let j(o) = -4*o**3 - 25*o**2 + o - 25. Let c(i) = i**3 + 6*i**2 + 6. Let p(b) = 10*b**2 + b. Let q be p(-1). Let g(h) = q*c(h) + 2*j(h). What is g(-4)?
-4
Let w(g) = g**2 + 3*g + 8. Let u(a) = -a + 1. Let c(j) = -2*u(j) - w(j). Determine c(0).
-10
Suppose 7*b = m + 3*b + 3, 0 = m - b. Let q(t) = t - m - 8*t**3 - 6*t**3 + 11*t**3. What is q(1)?
-3
Let x(c) be the second derivative of c**3/6 + c**2 + 2*c. Suppose 4*y + 18 = 2*n, 2*n + y - 7 - 1 = 0. Suppose -t + 16 = -n*t. What is x(t)?
-2
Let h(i) = i**3 + 6*i**2 + 4*i - 1. Let u(b) = -b - 1. Let q be u(3). Give h(q).
15
Let a(h) = h**3 - 4*h**2 + 2*h - 2. Suppose -s + 16 = -z + 6*z, -2 = -2*s. Determine a(z).
-5
Let q be (14/21)/(2/12). Let t(g) = 0*g - 5*g**2 + q*g**2 + 5*g + 2. Calculate t(4).
6
Let o(x) = -x**3 - 5*x**2 - 6*x - 5. Let a be (-1)/2 + (-63)/18. Determine o(a).
3
Let c(p) = p**2 - 8*p + 10. Let j be (-1)/2*(-224)/16. Determine c(j).
3
Let l(q) = -2*q**3 - 4*q**2 + 3*q - 5. Let k be (-6)/(-2) + 7/(-7). Let u(w) = w**3 + 2*w**2 - w + 2. Let n(c) = k*l(c) + 5*u(c). Determine n(-2).
-2
Suppose 0 = 5*q - 12 + 2. Suppose -w + 1 = q. Let d(u) = u + 1. What is d(w)?
0
Let y(s) be the third derivative of 5/6*s**3 + 0 + 2*s**2 + 1/24*s**4 + 0*s. Give y(-3).
2
Let z(q) = q**3 + 3*q**2 - 7*q - 6. Let r(o) = -o**3 - 2*o**2 + 6*o + 5. Let s(h) = -7*r(h) - 6*z(h). Let t(c) = -2*c - 4. Let p be t(-4). Calculate s(p).
1
Let b(s) = -3*s + 7. Suppose -5*h - d = -29 - 0, 4*h + 3*d - 32 = 0. Determine b(h).
-8
Suppose 5*q = -3*n + 3, -2*q - n = 3*n - 4. Let g(l) be the second derivative of -1/20*l**5 + l + l**3 + q - 3*l**2 + 1/3*l**4. Calculate g(5).
-1
Let w(m) = -m**2 - 5*m + 18. Let i be w(3). Let k(s) = s + 3. What is k(i)?
-3
Let p(u) = -u**2 - u. Suppose -5*c - 39 = 3*o - 7*o, 2*o - 18 = 4*c. Suppose -m